d by 778?
560
What is the remainder when 85351 is divided by 833?
385
What is the remainder when 1916051 is divided by 7?
4
What is the remainder when 119955 is divided by 465?
450
Calculate the remainder when 488 is divided by 78.
20
What is the remainder when 316716 is divided by 3199?
15
Calculate the remainder when 4263 is divided by 1212.
627
What is the remainder when 35466 is divided by 137?
120
What is the remainder when 992 is divided by 183?
77
What is the remainder when 42054 is divided by 15?
9
Calculate the remainder when 93264 is divided by 11.
6
What is the remainder when 140111 is divided by 70051?
9
What is the remainder when 24978 is divided by 11?
8
Calculate the remainder when 5703 is divided by 324.
195
What is the remainder when 104522 is divided by 34837?
11
Calculate the remainder when 23252 is divided by 23.
22
What is the remainder when 515692 is divided by 366?
364
Calculate the remainder when 6746 is divided by 250.
246
What is the remainder when 2901 is divided by 718?
29
What is the remainder when 2305 is divided by 136?
129
What is the remainder when 11796 is divided by 161?
43
What is the remainder when 1152 is divided by 115?
2
What is the remainder when 1322932 is divided by 33?
28
What is the remainder when 295426 is divided by 84?
82
Calculate the remainder when 75688 is divided by 173.
87
Calculate the remainder when 2903 is divided by 19.
15
Calculate the remainder when 1118 is divided by 212.
58
Calculate the remainder when 122960 is divided by 564.
8
Calculate the remainder when 13906 is divided by 114.
112
Calculate the remainder when 12542 is divided by 133.
40
Calculate the remainder when 118974 is divided by 3.
0
What is the remainder when 11951 is divided by 2386?
21
Calculate the remainder when 8161 is divided by 1352.
49
Calculate the remainder when 109511 is divided by 2488.
39
Calculate the remainder when 9644 is divided by 74.
24
Calculate the remainder when 248132 is divided by 294.
290
What is the remainder when 53322 is divided by 8883?
24
Calculate the remainder when 4131 is divided by 2019.
93
Calculate the remainder when 94640 is divided by 1029.
1001
Calculate the remainder when 2272597 is divided by 568147.
9
What is the remainder when 1554 is divided by 1394?
160
Calculate the remainder when 10470 is divided by 374.
372
What is the remainder when 1735 is divided by 286?
19
Calculate the remainder when 1756 is divided by 220.
216
What is the remainder when 20599 is divided by 10296?
7
Calculate the remainder when 22873 is divided by 3267.
4
What is the remainder when 56696 is divided by 8094?
38
What is the remainder when 21093 is divided by 47?
37
What is the remainder when 8438 is divided by 2796?
50
What is the remainder when 730172 is divided by 66377?
25
Calculate the remainder when 6654 is divided by 166.
14
What is the remainder when 109366 is divided by 504?
502
Calculate the remainder when 87850 is divided by 12534.
112
Calculate the remainder when 3814 is divided by 296.
262
Calculate the remainder when 3678 is divided by 417.
342
Calculate the remainder when 1370 is divided by 157.
114
What is the remainder when 26484 is divided by 120?
84
Calculate the remainder when 2820 is divided by 590.
460
Calculate the remainder when 17871 is divided by 29.
7
What is the remainder when 7346 is divided by 667?
9
Calculate the remainder when 1686 is divided by 557.
15
Calculate the remainder when 2291 is divided by 127.
5
What is the remainder when 690668 is divided by 577?
576
What is the remainder when 263644 is divided by 151?
149
Calculate the remainder when 236674 is divided by 121.
119
Calculate the remainder when 6198038 is divided by 46.
44
Calculate the remainder when 887412 is divided by 153.
12
Calculate the remainder when 5437 is divided by 155.
12
Calculate the remainder when 193089 is divided by 44.
17
What is the remainder when 2143 is divided by 1034?
75
Calculate the remainder when 314 is divided by 158.
156
Calculate the remainder when 8526 is divided by 8511.
15
What is the remainder when 41742 is divided by 413?
29
Calculate the remainder when 11386 is divided by 297.
100
What is the remainder when 3944 is divided by 1149?
497
Calculate the remainder when 156705 is divided by 172.
13
Calculate the remainder when 48036 is divided by 83.
62
What is the remainder when 1376 is divided by 80?
16
Calculate the remainder when 312929 is divided by 270.
269
What is the remainder when 1847 is divided by 47?
14
Calculate the remainder when 497075 is divided by 19.
16
Calculate the remainder when 209561 is divided by 354.
347
What is the remainder when 5945 is divided by 692?
409
Calculate the remainder when 3455 is divided by 1149.
8
Calculate the remainder when 66986 is divided by 341.
150
Calculate the remainder when 188603 is divided by 37717.
18
What is the remainder when 3774 is divided by 4?
2
What is the remainder when 5243 is divided by 159?
155
Calculate the remainder when 155907 is divided by 56.
3
What is the remainder when 118270 is divided by 596?
262
Calculate the remainder when 23894 is divided by 1086.
2
What is the remainder when 15055 is divided by 309?
223
Calculate the remainder when 134621 is divided by 18.
17
What is the remainder when 21988 is divided by 2441?
19
Calculate the remainder when 108832 is divided by 23.
19
Calculate the remainder when 43900 is divided by 98.
94
What is the remainder when 17066 is divided by 1395?
326
What is the remainder when 97399 is divided by 297?
280
Calculate the remainder when 284170 is divided by 55.
40
What is the remainder when 16001 is divided by 502?
439
Calculate the remainder when 159827 is divided by 3400.
27
What is the remainder when 1100 is divided by 158?
152
What is the remainder when 4340 is divided by 217?
0
What is the remainder when 8424 is divided by 2077?
116
What is the remainder when 1144 is divided by 222?
34
Calculate the remainder when 5934 is divided by 1087.
499
Calculate the remainder when 46383 is divided by 13.
12
What is the remainder when 2340 is divided by 688?
276
What is the remainder when 3109 is divided by 1003?
100
What is the remainder when 26147 is divided by 2895?
92
Calculate the remainder when 145388 is divided by 530.
168
What is the remainder when 1885 is divided by 1847?
38
Calculate the remainder when 12181 is divided by 122.
103
What is the remainder when 1302 is divided by 139?
51
Calculate the remainder when 153 is divided by 89.
64
Calculate the remainder when 3754 is divided by 3096.
658
Calculate the remainder when 12474 is divided by 1765.
119
What is the remainder when 8132 is divided by 576?
68
Calculate the remainder when 28921 is divided by 32.
25
Calculate the remainder when 112989 is divided by 2973.
15
What is the remainder when 16485 is divided by 17?
12
Calculate the remainder when 13257 is divided by 260.
257
What is the remainder when 46320 is divided by 11578?
8
Calculate the remainder when 2854 is divided by 488.
414
What is the remainder when 7774 is divided by 260?
234
What is the remainder when 54952 is divided by 51?
25
Calculate the remainder when 5514 is divided by 596.
150
Calculate the remainder when 169712 is divided by 35.
32
Calculate the remainder when 307492 is divided by 323.
319
Calculate the remainder when 4098 is divided by 94.
56
What is the remainder when 80444 is divided by 24?
20
Calculate the remainder when 586439 is divided by 362.
361
What is the remainder when 27583 is divided by 114?
109
Calculate the remainder when 5213 is divided by 4496.
717
What is the remainder when 910997 is divided by 1177?
1176
Calculate the remainder when 46661 is divided by 6665.
6
Calculate the remainder when 15691 is divided by 24.
19
Calculate the remainder when 8319 is divided by 2768.
15
What is the remainder when 119269 is divided by 261?
253
Calculate the remainder when 5881 is divided by 134.
119
What is the remainder when 21525 is divided by 21521?
4
What is the remainder when 6776 is divided by 6732?
44
What is the remainder when 22839 is divided by 192?
183
Calculate the remainder when 35255 is divided by 39.
38
What is the remainder when 4003 is divided by 555?
118
What is the remainder when 2811737 is divided by 20?
17
Calculate the re